1
Calculate the greatest common divisor of 1029 and 119784.
21
What is the greatest common divisor of 67814 and 12546?
82
What is the greatest common divisor of 475 and 145173775?
475
What is the greatest common divisor of 86869964 and 320247?
11861
What is the highest common divisor of 7769467 and 60591?
1063
Calculate the highest common factor of 4392 and 30313706.
122
What is the highest common factor of 20263 and 223468?
23
Calculate the highest common divisor of 171 and 20061017.
19
Calculate the greatest common divisor of 18621024 and 395552.
1504
Calculate the greatest common factor of 285 and 64970865.
15
What is the highest common factor of 337 and 30934915?
337
What is the greatest common divisor of 96 and 558450336?
96
What is the greatest common factor of 12 and 32841020?
4
What is the highest common factor of 31471098 and 267600?
1338
Calculate the highest common factor of 13425007 and 681.
227
What is the highest common factor of 5822 and 29730043?
2911
What is the highest common divisor of 11343 and 3677488?
19
Calculate the greatest common divisor of 1645 and 1130955.
35
Calculate the greatest common factor of 580 and 836185.
5
What is the greatest common divisor of 35321260 and 28?
4
What is the highest common factor of 576 and 544476?
12
Calculate the greatest common factor of 160871 and 620653.
17
Calculate the highest common factor of 7375 and 171513.
59
Calculate the greatest common factor of 34 and 11003998.
34
Calculate the greatest common factor of 1153 and 762406261.
1153
Calculate the greatest common factor of 1620 and 262266660.
1620
What is the highest common factor of 2336608275 and 2775?
2775
What is the highest common factor of 65 and 23497435?
65
Calculate the greatest common factor of 9143164 and 2830.
566
What is the greatest common factor of 163823 and 156827?
583
Calculate the greatest common factor of 104571 and 3598017.
3873
What is the highest common divisor of 17730027 and 21?
21
Calculate the highest common divisor of 789264 and 1953.
63
Calculate the highest common divisor of 512 and 3841408.
128
What is the greatest common factor of 68259780 and 477?
9
Calculate the greatest common divisor of 653112 and 91932.
564
What is the greatest common factor of 95025 and 1258950?
525
What is the highest common divisor of 6880 and 11439680?
160
What is the greatest common divisor of 5448 and 302?
2
What is the highest common divisor of 5751656 and 506?
46
Calculate the highest common factor of 114 and 262850199.
57
Calculate the highest common factor of 41650735 and 385.
35
Calculate the greatest common factor of 195178 and 43562.
46
What is the greatest common divisor of 13632 and 358464?
192
What is the greatest common divisor of 93022 and 977?
1
What is the highest common factor of 5144288 and 1216?
608
Calculate the highest common divisor of 378 and 295114554.
126
What is the greatest common factor of 2352 and 16247724?
12
Calculate the highest common factor of 1095 and 675105.
15
What is the greatest common divisor of 59130 and 3870?
90
What is the highest common factor of 4271520 and 2376?
264
What is the greatest common divisor of 28308 and 204456?
84
Calculate the highest common divisor of 106486 and 31856582.
2878
Calculate the greatest common factor of 1341642263 and 13.
13
What is the greatest common factor of 2248107 and 10515?
2103
What is the greatest common factor of 38636 and 3562?
26
Calculate the highest common divisor of 142 and 4279028.
142
What is the greatest common factor of 266 and 3602305?
133
Calculate the highest common factor of 51274081 and 79.
79
Calculate the greatest common factor of 1291429 and 1612.
31
Calculate the highest common factor of 14213140 and 4520.
2260
What is the greatest common factor of 46774 and 2066?
2
What is the greatest common divisor of 75 and 197691825?
75
Calculate the greatest common divisor of 8232 and 229704.
24
What is the greatest common factor of 175 and 7445375?
175
Calculate the highest common factor of 1877431 and 58.
29
What is the highest common divisor of 41771649 and 849?
849
Calculate the highest common factor of 36550 and 121303000.
2150
Calculate the highest common factor of 162792 and 17719704.
1368
Calculate the greatest common divisor of 697918 and 2278.
34
What is the greatest common divisor of 16230654 and 495?
99
Calculate the greatest common divisor of 541508517 and 54.
27
What is the greatest common divisor of 648416 and 123648?
736
What is the greatest common factor of 489 and 88676238?
489
Calculate the highest common divisor of 26180359 and 58.
29
Calculate the highest common divisor of 168519 and 467103.
1131
Calculate the greatest common factor of 4731536 and 791.
113
Calculate the highest common divisor of 206 and 201820054.
206
Calculate the greatest common divisor of 3463 and 2467.
1
Calculate the highest common factor of 3044403 and 45.
9
What is the highest common divisor of 672014 and 111412?
322
Calculate the highest common divisor of 63464 and 7944.
8
What is the highest common divisor of 566736 and 228?
12
Calculate the greatest common divisor of 299405416 and 1504.
376
Calculate the highest common divisor of 425 and 147962225.
25
Calculate the highest common divisor of 490 and 124980.
10
Calculate the highest common factor of 3225 and 2024225.
1075
What is the highest common divisor of 1812515 and 1725?
115
What is the highest common factor of 257 and 77?
1
What is the highest common divisor of 5712861 and 2079?
231
What is the highest common divisor of 567 and 715365?
189
What is the highest common factor of 372600 and 3172344?
552
Calculate the greatest common divisor of 6 and 1250707494.
6
What is the highest common factor of 2976 and 83231776?
992
What is the greatest common factor of 66754962 and 27?
27
Calculate the highest common factor of 15060126 and 402.
402
Calculate the greatest common factor of 10822227 and 312.
39
Calculate the greatest common divisor of 12082444 and 374.
374
What is the greatest common divisor of 37357532 and 24104?
524
What is the highest common divisor of 988 and 161297812?
52
What is the highest common divisor of 1587925 and 2375?
475
What is the greatest common factor of 447902 and 459977?
161
Calculate the highest common factor of 14960055 and 8520.
1065
What is the highest common factor of 175956 and 5683044?
372
Calculate the greatest common factor of 77720 and 41905.
145
What is the greatest common divisor of 312 and 162366168?
24
What is the highest common divisor of 1746 and 289084832?
194
What is the greatest common divisor of 2505 and 8635570?
835
Calculate the highest common divisor of 473865 and 1800.
15
Calculate the highest common divisor of 20706260 and 20.
20
What is the highest common factor of 13186034 and 1255?
251
Calculate the greatest common factor of 12407517 and 18.
9
Calculate the greatest common factor of 101823968 and 32.
32
What is the greatest common divisor of 9350 and 734800?
550
What is the highest common factor of 6507756 and 180?
36
Calculate the greatest common divisor of 41583186 and 18.
18
What is the highest common factor of 301131 and 25137?
513
What is the highest common factor of 2043251 and 26381?
851
Calculate the highest common divisor of 2112 and 40866240.
192
What is the greatest common divisor of 312616 and 3657947?
1699
What is the greatest common factor of 319703895 and 31332?
7833
What is the highest common factor of 2839 and 15272651?
167
What is the highest common divisor of 1057221 and 708?
177
Calculate the greatest common factor of 67255 and 9005.
5
What is the highest common divisor of 68958232 and 336?
56
What is the highest common factor of 2300 and 153420?
20
What is the highest common factor of 3372 and 93384?
12
Calculate the greatest common divisor of 373050106 and 286.
286
Calculate the greatest common factor of 88 and 3145813.
11
Calculate the greatest common divisor of 15640 and 29368.
8
What is the highest common divisor of 165 and 20151765?
15
Calculate the highest common factor of 27993116 and 12190.
2438
What is the highest common divisor of 962726245 and 10?
5
What is the greatest common factor of 35119 and 37451905?
5017
Calculate the greatest common factor of 15933600 and 39840.
480
Calculate the highest comm